{"id":55,"date":"2024-01-23T16:22:22","date_gmt":"2024-01-23T15:22:22","guid":{"rendered":"https:\/\/mavoisinecuisine.com\/?page_id=55"},"modified":"2025-02-17T19:05:49","modified_gmt":"2025-02-17T18:05:49","slug":"contact","status":"publish","type":"page","link":"https:\/\/mavoisinecuisine.com\/index.php\/contact\/","title":{"rendered":"Contact"},"content":{"rendered":"\n<div class=\"wp-block-columns has-ast-global-color-5-background-color has-background is-layout-flex wp-container-core-columns-is-layout-28f84493 wp-block-columns-is-layout-flex\">\n<div class=\"wp-block-column is-layout-flow wp-block-column-is-layout-flow\" style=\"flex-basis:66.66%\">\n<h2 class=\"wp-block-heading\"><strong>Contactez Julie Grosz<\/strong><\/h2>\n\n\n\n<p class=\"has-text-align-left has-ast-global-color-0-color has-text-color has-link-color wp-elements-7b3f919d971941a95f74267a165ce11d\" style=\"font-size:30px\"><img decoding=\"async\" width=\"40\" height=\"40\" class=\"wp-image-913\" style=\"width: 40px;\" src=\"https:\/\/mavoisinecuisine.com\/wp-content\/uploads\/2024\/02\/1564515_call_device_mobile_phone_smartphone_icon.png\" alt=\"\"><strong>+33.6.626.626.12<\/strong><\/p>\n\n\n\n<h2 class=\"wp-block-heading\" style=\"font-size:20px;line-height:1.4\"><img decoding=\"async\" width=\"40\" height=\"40\" class=\"wp-image-895\" style=\"width: 40px;\" src=\"https:\/\/mavoisinecuisine.com\/wp-content\/uploads\/2024\/02\/4550857_email_gmail_mail_sending_yahoo_icon.png\" alt=\"\"> <a href=\"mailto:info@mavoisinecuisine.com\" target=\"_blank\" rel=\"noreferrer noopener\">info@mavoisinecuisine.com<\/a><\/h2>\n\n\n\n<h2 class=\"wp-block-heading\"><\/h2>\n\n\n\n<p class=\"has-ast-global-color-0-color has-text-color has-link-color wp-elements-7577edc588ae376e917677fc9b0acd17\" style=\"font-size:20px;line-height:1.4\"><img decoding=\"async\" width=\"40\" height=\"40\" class=\"wp-image-896\" style=\"width: 40px;\" src=\"https:\/\/mavoisinecuisine.com\/wp-content\/uploads\/2024\/02\/5279112_camera_instagram_social-media_instagram-logo_icon.png\" alt=\"\"> <a href=\"https:\/\/www.instagram.com\/ma_voisine_cuisine\" target=\"_blank\" rel=\"noreferrer noopener\">ma_voisine_cuisine<\/a><\/p>\n\n\n\n<h2 class=\"wp-block-heading\"><\/h2>\n\n\n\n<h2 class=\"wp-block-heading has-ast-global-color-0-color has-text-color has-link-color wp-elements-823bdb6f6b0d0e49a00d08fe48990bbf\" style=\"font-size:20px;line-height:1.4\"><img loading=\"lazy\" decoding=\"async\" width=\"40\" height=\"40\" class=\"wp-image-897\" style=\"width: 40px;\" src=\"https:\/\/mavoisinecuisine.com\/wp-content\/uploads\/2024\/02\/5305154_fb_facebook_facebook-logo_icon.png\" alt=\"\"> <a href=\"https:\/\/www.facebook.com\/mavoisinecuisine\" target=\"_blank\" rel=\"noreferrer noopener\">mavoisinecuisine<\/a><\/h2>\n\n\n\n<h2 class=\"wp-block-heading\"><\/h2>\n\n\n\n<p class=\"has-ast-global-color-0-color has-text-color has-link-color wp-elements-7f529f2e8355c43334295f0aa0093c06\" style=\"font-size:20px;line-height:1.4\"><img loading=\"lazy\" decoding=\"async\" width=\"40\" height=\"40\" class=\"wp-image-899\" style=\"width: 40px;\" src=\"https:\/\/mavoisinecuisine.com\/wp-content\/uploads\/2024\/02\/274894_planet_web_globe_technology_internet_icon.png\" alt=\"\"> <a href=\"https:\/\/mavoisinecuisine.com\/\">www.mavoisinecuisine.com<\/a><\/p>\n<\/div>\n\n\n\n<div class=\"wp-block-column is-layout-flow wp-block-column-is-layout-flow\" style=\"flex-basis:33.33%\">\n<figure class=\"wp-block-gallery alignfull has-nested-images columns-default is-cropped wp-block-gallery-1 is-layout-flex wp-block-gallery-is-layout-flex\">\n<figure class=\"wp-block-image size-medium\"><img loading=\"lazy\" decoding=\"async\" width=\"300\" height=\"300\" data-id=\"717\" src=\"https:\/\/mavoisinecuisine.com\/wp-content\/uploads\/2024\/02\/G_Grosz_aont_2023_BD_DSC08398-edited-300x300.jpg\" alt=\"\" class=\"wp-image-717\" srcset=\"https:\/\/mavoisinecuisine.com\/wp-content\/uploads\/2024\/02\/G_Grosz_aont_2023_BD_DSC08398-edited-300x300.jpg 300w, https:\/\/mavoisinecuisine.com\/wp-content\/uploads\/2024\/02\/G_Grosz_aont_2023_BD_DSC08398-edited-150x150.jpg 150w, https:\/\/mavoisinecuisine.com\/wp-content\/uploads\/2024\/02\/G_Grosz_aont_2023_BD_DSC08398-edited.jpg 533w\" sizes=\"(max-width: 300px) 100vw, 300px\" \/><figcaption class=\"wp-element-caption\">Julie Grosz : Cheffe de Ma Voisine Cuisine<\/figcaption><\/figure>\n<\/figure>\n<\/div>\n<\/div>\n\n\n\n<div class=\"wp-block-columns is-layout-flex wp-container-core-columns-is-layout-28f84493 wp-block-columns-is-layout-flex\">\n<div class=\"wp-block-column is-layout-flow wp-block-column-is-layout-flow\" style=\"flex-basis:100%\">\n<h2 class=\"wp-block-heading\"><strong>Zone de d\u00e9placement<\/strong><\/h2>\n\n\n\n<p class=\"has-medium-font-size\" style=\"line-height:1.4\">Frais de d\u00e9placements <strong>offerts <\/strong>dans un rayon de 10 km autour de Collonges-sous-Sal\u00e8ve :<\/p>\n\n\n\n<div class=\"wp-block-columns is-layout-flex wp-container-core-columns-is-layout-28f84493 wp-block-columns-is-layout-flex\">\n<div class=\"wp-block-column has-medium-font-size is-layout-flow wp-block-column-is-layout-flow\">\n<ul class=\"wp-block-list\">\n<li class=\"has-medium-font-size\" style=\"line-height:1.4\">Archamps<\/li>\n\n\n\n<li>Bossey<\/li>\n\n\n\n<li>Collonges-sous-Sal\u00e8ve<\/li>\n<\/ul>\n<\/div>\n\n\n\n<div class=\"wp-block-column has-medium-font-size is-layout-flow wp-block-column-is-layout-flow\">\n<ul class=\"wp-block-list\">\n<li>Neydens<\/li>\n\n\n\n<li style=\"line-height:1.4\">Pr\u00e9silly<\/li>\n\n\n\n<li>Saint-Julien-en-Genevois<\/li>\n<\/ul>\n<\/div>\n\n\n\n<div class=\"wp-block-column has-medium-font-size is-layout-flow wp-block-column-is-layout-flow\">\n<ul class=\"wp-block-list\">\n<li style=\"line-height:1.4\">Gen\u00e8ve et alentours<\/li>\n\n\n\n<li>&#8230;<\/li>\n<\/ul>\n<\/div>\n<\/div>\n<\/div>\n<\/div>\n\n\n\n<p><\/p>\n","protected":false},"excerpt":{"rendered":"<p>Contactez Julie Grosz +33.6.626.626.12 info@mavoisinecuisine.com ma_voisine_cuisine mavoisinecuisine www.mavoisinecuisine.com Zone de d\u00e9placement Frais de d\u00e9placements offerts dans un rayon de 10 km autour de Collonges-sous-Sal\u00e8ve :<\/p>\n","protected":false},"author":2,"featured_media":0,"parent":0,"menu_order":1,"comment_status":"closed","ping_status":"closed","template":"","meta":{"site-sidebar-layout":"default","site-content-layout":"","ast-site-content-layout":"default","site-content-style":"default","site-sidebar-style":"default","ast-global-header-display":"","ast-banner-title-visibility":"","ast-main-header-display":"","ast-hfb-above-header-display":"","ast-hfb-below-header-display":"","ast-hfb-mobile-header-display":"","site-post-title":"disabled","ast-breadcrumbs-content":"","ast-featured-img":"","footer-sml-layout":"","ast-disable-related-posts":"","theme-transparent-header-meta":"","adv-header-id-meta":"","stick-header-meta":"","header-above-stick-meta":"","header-main-stick-meta":"","header-below-stick-meta":"","astra-migrate-meta-layouts":"default","ast-page-background-enabled":"default","ast-page-background-meta":{"desktop":{"background-color":"var(--ast-global-color-4)","background-image":"","background-repeat":"repeat","background-position":"center center","background-size":"auto","background-attachment":"scroll","background-type":"","background-media":"","overlay-type":"","overlay-color":"","overlay-opacity":"","overlay-gradient":""},"tablet":{"background-color":"","background-image":"","background-repeat":"repeat","background-position":"center center","background-size":"auto","background-attachment":"scroll","background-type":"","background-media":"","overlay-type":"","overlay-color":"","overlay-opacity":"","overlay-gradient":""},"mobile":{"background-color":"","background-image":"","background-repeat":"repeat","background-position":"center center","background-size":"auto","background-attachment":"scroll","background-type":"","background-media":"","overlay-type":"","overlay-color":"","overlay-opacity":"","overlay-gradient":""}},"ast-content-background-meta":{"desktop":{"background-color":"var(--ast-global-color-5)","background-image":"","background-repeat":"repeat","background-position":"center center","background-size":"auto","background-attachment":"scroll","background-type":"","background-media":"","overlay-type":"","overlay-color":"","overlay-opacity":"","overlay-gradient":""},"tablet":{"background-color":"var(--ast-global-color-5)","background-image":"","background-repeat":"repeat","background-position":"center center","background-size":"auto","background-attachment":"scroll","background-type":"","background-media":"","overlay-type":"","overlay-color":"","overlay-opacity":"","overlay-gradient":""},"mobile":{"background-color":"var(--ast-global-color-5)","background-image":"","background-repeat":"repeat","background-position":"center center","background-size":"auto","background-attachment":"scroll","background-type":"","background-media":"","overlay-type":"","overlay-color":"","overlay-opacity":"","overlay-gradient":""}},"footnotes":""},"class_list":["post-55","page","type-page","status-publish","hentry"],"yoast_head":"<!-- This site is optimized with the Yoast SEO plugin v27.4 - https:\/\/yoast.com\/product\/yoast-seo-wordpress\/ -->\n<title>Comment contacter Julie Grosz ?<\/title>\n<meta name=\"description\" content=\"Contactez-moi vite par t\u00e9l\u00e9phone +33.6.626.626.12 ou mail. Suivez-moi sur facebook et instagram pour d\u00e9couvrir astuces et photos\" \/>\n<meta name=\"robots\" content=\"index, follow, max-snippet:-1, max-image-preview:large, max-video-preview:-1\" \/>\n<link rel=\"canonical\" href=\"https:\/\/mavoisinecuisine.com\/index.php\/contact\/\" \/>\n<meta property=\"og:locale\" content=\"fr_FR\" \/>\n<meta property=\"og:type\" content=\"article\" \/>\n<meta property=\"og:title\" content=\"Comment contacter Julie Grosz ?\" \/>\n<meta property=\"og:description\" content=\"Contactez-moi vite par t\u00e9l\u00e9phone +33.6.626.626.12 ou mail. Suivez-moi sur facebook et instagram pour d\u00e9couvrir astuces et photos\" \/>\n<meta property=\"og:url\" content=\"https:\/\/mavoisinecuisine.com\/index.php\/contact\/\" \/>\n<meta property=\"og:site_name\" content=\"Ma Voisine Cuisine\" \/>\n<meta property=\"article:publisher\" content=\"https:\/\/www.facebook.com\/mavoisinecuisine\" \/>\n<meta property=\"article:modified_time\" content=\"2025-02-17T18:05:49+00:00\" \/>\n<meta property=\"og:image\" content=\"http:\/\/mavoisinecuisine.com\/wp-content\/uploads\/2024\/02\/1564515_call_device_mobile_phone_smartphone_icon.png\" \/>\n<meta name=\"twitter:card\" content=\"summary_large_image\" \/>\n<meta name=\"twitter:label1\" content=\"Dur\u00e9e de lecture estim\u00e9e\" \/>\n\t<meta name=\"twitter:data1\" content=\"2 minutes\" \/>\n<script type=\"application\/ld+json\" class=\"yoast-schema-graph\">{\"@context\":\"https:\\\/\\\/schema.org\",\"@graph\":[{\"@type\":\"WebPage\",\"@id\":\"https:\\\/\\\/mavoisinecuisine.com\\\/index.php\\\/contact\\\/\",\"url\":\"https:\\\/\\\/mavoisinecuisine.com\\\/index.php\\\/contact\\\/\",\"name\":\"Comment contacter Julie Grosz ?\",\"isPartOf\":{\"@id\":\"https:\\\/\\\/mavoisinecuisine.com\\\/#website\"},\"primaryImageOfPage\":{\"@id\":\"https:\\\/\\\/mavoisinecuisine.com\\\/index.php\\\/contact\\\/#primaryimage\"},\"image\":{\"@id\":\"https:\\\/\\\/mavoisinecuisine.com\\\/index.php\\\/contact\\\/#primaryimage\"},\"thumbnailUrl\":\"http:\\\/\\\/mavoisinecuisine.com\\\/wp-content\\\/uploads\\\/2024\\\/02\\\/1564515_call_device_mobile_phone_smartphone_icon.png\",\"datePublished\":\"2024-01-23T15:22:22+00:00\",\"dateModified\":\"2025-02-17T18:05:49+00:00\",\"description\":\"Contactez-moi vite par t\u00e9l\u00e9phone +33.6.626.626.12 ou mail. Suivez-moi sur facebook et instagram pour d\u00e9couvrir astuces et photos\",\"breadcrumb\":{\"@id\":\"https:\\\/\\\/mavoisinecuisine.com\\\/index.php\\\/contact\\\/#breadcrumb\"},\"inLanguage\":\"fr-FR\",\"potentialAction\":[{\"@type\":\"ReadAction\",\"target\":[\"https:\\\/\\\/mavoisinecuisine.com\\\/index.php\\\/contact\\\/\"]}]},{\"@type\":\"ImageObject\",\"inLanguage\":\"fr-FR\",\"@id\":\"https:\\\/\\\/mavoisinecuisine.com\\\/index.php\\\/contact\\\/#primaryimage\",\"url\":\"http:\\\/\\\/mavoisinecuisine.com\\\/wp-content\\\/uploads\\\/2024\\\/02\\\/1564515_call_device_mobile_phone_smartphone_icon.png\",\"contentUrl\":\"http:\\\/\\\/mavoisinecuisine.com\\\/wp-content\\\/uploads\\\/2024\\\/02\\\/1564515_call_device_mobile_phone_smartphone_icon.png\"},{\"@type\":\"BreadcrumbList\",\"@id\":\"https:\\\/\\\/mavoisinecuisine.com\\\/index.php\\\/contact\\\/#breadcrumb\",\"itemListElement\":[{\"@type\":\"ListItem\",\"position\":1,\"name\":\"Accueil\",\"item\":\"https:\\\/\\\/mavoisinecuisine.com\\\/\"},{\"@type\":\"ListItem\",\"position\":2,\"name\":\"Contact\"}]},{\"@type\":\"WebSite\",\"@id\":\"https:\\\/\\\/mavoisinecuisine.com\\\/#website\",\"url\":\"https:\\\/\\\/mavoisinecuisine.com\\\/\",\"name\":\"ma voisine cuisine\",\"description\":\"Batch Cooking | Haute-Savoie, Gen\u00e8ve et alentours\",\"publisher\":{\"@id\":\"https:\\\/\\\/mavoisinecuisine.com\\\/#organization\"},\"potentialAction\":[{\"@type\":\"SearchAction\",\"target\":{\"@type\":\"EntryPoint\",\"urlTemplate\":\"https:\\\/\\\/mavoisinecuisine.com\\\/?s={search_term_string}\"},\"query-input\":{\"@type\":\"PropertyValueSpecification\",\"valueRequired\":true,\"valueName\":\"search_term_string\"}}],\"inLanguage\":\"fr-FR\"},{\"@type\":\"Organization\",\"@id\":\"https:\\\/\\\/mavoisinecuisine.com\\\/#organization\",\"name\":\"Ma voisine cuisine\",\"url\":\"https:\\\/\\\/mavoisinecuisine.com\\\/\",\"logo\":{\"@type\":\"ImageObject\",\"inLanguage\":\"fr-FR\",\"@id\":\"https:\\\/\\\/mavoisinecuisine.com\\\/#\\\/schema\\\/logo\\\/image\\\/\",\"url\":\"https:\\\/\\\/mavoisinecuisine.com\\\/wp-content\\\/uploads\\\/2023\\\/11\\\/cropped-cropped-Logo_mavoisinecuisine_transparent-01.png\",\"contentUrl\":\"https:\\\/\\\/mavoisinecuisine.com\\\/wp-content\\\/uploads\\\/2023\\\/11\\\/cropped-cropped-Logo_mavoisinecuisine_transparent-01.png\",\"width\":1768,\"height\":1768,\"caption\":\"Ma voisine cuisine\"},\"image\":{\"@id\":\"https:\\\/\\\/mavoisinecuisine.com\\\/#\\\/schema\\\/logo\\\/image\\\/\"},\"sameAs\":[\"https:\\\/\\\/www.facebook.com\\\/mavoisinecuisine\",\"https:\\\/\\\/www.instagram.com\\\/ma_voisine_cuisine\\\/\"]}]}<\/script>\n<!-- \/ Yoast SEO plugin. -->","yoast_head_json":{"title":"Comment contacter Julie Grosz ?","description":"Contactez-moi vite par t\u00e9l\u00e9phone +33.6.626.626.12 ou mail. Suivez-moi sur facebook et instagram pour d\u00e9couvrir astuces et photos","robots":{"index":"index","follow":"follow","max-snippet":"max-snippet:-1","max-image-preview":"max-image-preview:large","max-video-preview":"max-video-preview:-1"},"canonical":"https:\/\/mavoisinecuisine.com\/index.php\/contact\/","og_locale":"fr_FR","og_type":"article","og_title":"Comment contacter Julie Grosz ?","og_description":"Contactez-moi vite par t\u00e9l\u00e9phone +33.6.626.626.12 ou mail. Suivez-moi sur facebook et instagram pour d\u00e9couvrir astuces et photos","og_url":"https:\/\/mavoisinecuisine.com\/index.php\/contact\/","og_site_name":"Ma Voisine Cuisine","article_publisher":"https:\/\/www.facebook.com\/mavoisinecuisine","article_modified_time":"2025-02-17T18:05:49+00:00","og_image":[{"url":"http:\/\/mavoisinecuisine.com\/wp-content\/uploads\/2024\/02\/1564515_call_device_mobile_phone_smartphone_icon.png","type":"","width":"","height":""}],"twitter_card":"summary_large_image","twitter_misc":{"Dur\u00e9e de lecture estim\u00e9e":"2 minutes"},"schema":{"@context":"https:\/\/schema.org","@graph":[{"@type":"WebPage","@id":"https:\/\/mavoisinecuisine.com\/index.php\/contact\/","url":"https:\/\/mavoisinecuisine.com\/index.php\/contact\/","name":"Comment contacter Julie Grosz ?","isPartOf":{"@id":"https:\/\/mavoisinecuisine.com\/#website"},"primaryImageOfPage":{"@id":"https:\/\/mavoisinecuisine.com\/index.php\/contact\/#primaryimage"},"image":{"@id":"https:\/\/mavoisinecuisine.com\/index.php\/contact\/#primaryimage"},"thumbnailUrl":"http:\/\/mavoisinecuisine.com\/wp-content\/uploads\/2024\/02\/1564515_call_device_mobile_phone_smartphone_icon.png","datePublished":"2024-01-23T15:22:22+00:00","dateModified":"2025-02-17T18:05:49+00:00","description":"Contactez-moi vite par t\u00e9l\u00e9phone +33.6.626.626.12 ou mail. Suivez-moi sur facebook et instagram pour d\u00e9couvrir astuces et photos","breadcrumb":{"@id":"https:\/\/mavoisinecuisine.com\/index.php\/contact\/#breadcrumb"},"inLanguage":"fr-FR","potentialAction":[{"@type":"ReadAction","target":["https:\/\/mavoisinecuisine.com\/index.php\/contact\/"]}]},{"@type":"ImageObject","inLanguage":"fr-FR","@id":"https:\/\/mavoisinecuisine.com\/index.php\/contact\/#primaryimage","url":"http:\/\/mavoisinecuisine.com\/wp-content\/uploads\/2024\/02\/1564515_call_device_mobile_phone_smartphone_icon.png","contentUrl":"http:\/\/mavoisinecuisine.com\/wp-content\/uploads\/2024\/02\/1564515_call_device_mobile_phone_smartphone_icon.png"},{"@type":"BreadcrumbList","@id":"https:\/\/mavoisinecuisine.com\/index.php\/contact\/#breadcrumb","itemListElement":[{"@type":"ListItem","position":1,"name":"Accueil","item":"https:\/\/mavoisinecuisine.com\/"},{"@type":"ListItem","position":2,"name":"Contact"}]},{"@type":"WebSite","@id":"https:\/\/mavoisinecuisine.com\/#website","url":"https:\/\/mavoisinecuisine.com\/","name":"ma voisine cuisine","description":"Batch Cooking | Haute-Savoie, Gen\u00e8ve et alentours","publisher":{"@id":"https:\/\/mavoisinecuisine.com\/#organization"},"potentialAction":[{"@type":"SearchAction","target":{"@type":"EntryPoint","urlTemplate":"https:\/\/mavoisinecuisine.com\/?s={search_term_string}"},"query-input":{"@type":"PropertyValueSpecification","valueRequired":true,"valueName":"search_term_string"}}],"inLanguage":"fr-FR"},{"@type":"Organization","@id":"https:\/\/mavoisinecuisine.com\/#organization","name":"Ma voisine cuisine","url":"https:\/\/mavoisinecuisine.com\/","logo":{"@type":"ImageObject","inLanguage":"fr-FR","@id":"https:\/\/mavoisinecuisine.com\/#\/schema\/logo\/image\/","url":"https:\/\/mavoisinecuisine.com\/wp-content\/uploads\/2023\/11\/cropped-cropped-Logo_mavoisinecuisine_transparent-01.png","contentUrl":"https:\/\/mavoisinecuisine.com\/wp-content\/uploads\/2023\/11\/cropped-cropped-Logo_mavoisinecuisine_transparent-01.png","width":1768,"height":1768,"caption":"Ma voisine cuisine"},"image":{"@id":"https:\/\/mavoisinecuisine.com\/#\/schema\/logo\/image\/"},"sameAs":["https:\/\/www.facebook.com\/mavoisinecuisine","https:\/\/www.instagram.com\/ma_voisine_cuisine\/"]}]}},"_links":{"self":[{"href":"https:\/\/mavoisinecuisine.com\/index.php\/wp-json\/wp\/v2\/pages\/55","targetHints":{"allow":["GET"]}}],"collection":[{"href":"https:\/\/mavoisinecuisine.com\/index.php\/wp-json\/wp\/v2\/pages"}],"about":[{"href":"https:\/\/mavoisinecuisine.com\/index.php\/wp-json\/wp\/v2\/types\/page"}],"author":[{"embeddable":true,"href":"https:\/\/mavoisinecuisine.com\/index.php\/wp-json\/wp\/v2\/users\/2"}],"replies":[{"embeddable":true,"href":"https:\/\/mavoisinecuisine.com\/index.php\/wp-json\/wp\/v2\/comments?post=55"}],"version-history":[{"count":165,"href":"https:\/\/mavoisinecuisine.com\/index.php\/wp-json\/wp\/v2\/pages\/55\/revisions"}],"predecessor-version":[{"id":2457,"href":"https:\/\/mavoisinecuisine.com\/index.php\/wp-json\/wp\/v2\/pages\/55\/revisions\/2457"}],"wp:attachment":[{"href":"https:\/\/mavoisinecuisine.com\/index.php\/wp-json\/wp\/v2\/media?parent=55"}],"curies":[{"name":"wp","href":"https:\/\/api.w.org\/{rel}","templated":true}]}}